(4).
2
Let q(a) = 3*a + 47. Give q(-15).
2
Let p(g) = -g**3 + 16*g**2 + g - 21. Determine p(16).
-5
Let x(g) = -g + 38. What is x(13)?
25
Let b(r) = -18*r + 140. What is b(8)?
-4
Let d(n) = 2*n + 11. Calculate d(-3).
5
Let m(t) = t**3 - 5*t**2 + 7*t - 4. What is m(4)?
8
Let l(w) = -w**2 + 8*w - 15. Give l(6).
-3
Let x(k) = -k**2 - 19. What is x(6)?
-55
Let q(a) = a**3 - 15*a**2 + 15*a - 20. Determine q(14).
-6
Let f(b) = -6*b**2 + 14*b - 13. Calculate f(1).
-5
Let g(d) = -d**2 - 50*d - 475. Determine g(-37).
6
Let g(m) = -7*m**2 - m + 2. Calculate g(-2).
-24
Let g(o) = o**3 - 9*o**2 + 5*o - 14. Calculate g(8).
-38
Let k(c) = 2*c**2 + 21*c - 10. Give k(-9).
-37
Let g(c) = -3*c + 1. Calculate g(-2).
7
Let q(k) = -k**2 + 9*k + 16. Determine q(17).
-120
Let v(x) = x**3 - 13*x**2 + 38*x - 12. Calculate v(4).
-4
Let k(h) = -h**3 + 18*h**2 - 7*h + 118. Calculate k(18).
-8
Let f(m) = 9*m - 1. Calculate f(-1).
-10
Let m(p) = 7*p - 2. Give m(0).
-2
Let q(o) = -6*o + 99. What is q(18)?
-9
Let t(b) = b**2 - b - 48. What is t(8)?
8
Let d(c) = -4*c - 105. Determine d(-29).
11
Let j(h) = -h**3 - 5*h**2 - 8*h - 27. What is j(-5)?
13
Let i(m) = -m**3 + 10*m**2 - 11*m + 4. What is i(3)?
34
Let h(u) = -5*u**2 + 4*u - 2. What is h(-2)?
-30
Let x(t) = -6*t**2 - 64*t + 13. Give x(-11).
-9
Let z(k) = 14*k**2 - k - 3. Give z(-2).
55
Let t(w) = -23*w - 9. What is t(-1)?
14
Let i(w) = 2*w**3 - w - 78. What is i(0)?
-78
Let n(c) = -4*c**2 - 6*c + 5. Give n(-5).
-65
Let q(w) = w**3 + 13*w**2 - 29*w + 18. Calculate q(-15).
3
Let s(x) = x**2 - 23*x - 13. Give s(27).
95
Let p(f) = 2*f - 31. What is p(11)?
-9
Let b(s) = -s**3 - 11*s**2 - 20*s - 8. Determine b(-8).
-40
Let f(o) = 5*o**3 + o**2 + o. Determine f(1).
7
Let z(m) = m**3 - 9*m**2 + 9*m + 10. What is z(7)?
-25
Let a(v) = 3*v**2 + 26*v - 44. Determine a(-10).
-4
Let j(d) = -d**3 + 37*d**2 - 63*d - 243. Give j(35).
2
Let r(g) = -15*g**2 + 7*g + 7. Give r(-2).
-67
Let w(q) = 18*q + 11. Determine w(-3).
-43
Let n(y) = -2*y**3 + 40*y**2 - 77*y + 80. Determine n(18).
-10
Let j(f) = -f**3 - 6*f**2 + 5*f + 26. What is j(-6)?
-4
Let o(b) = -b**3 + 3*b**2 + 12*b - 3. Give o(5).
7
Let d(i) = -9*i + 49. What is d(7)?
-14
Let b(c) = -12*c + 304. Calculate b(26).
-8
Let a(l) = -15*l - 1. Calculate a(-1).
14
Let s(j) = 2*j + 16. Give s(-8).
0
Let x(m) = -2*m**3 + 2*m**2 + 2*m - 7. Give x(2).
-11
Let l(k) = k**3 + 7*k**2 + 8*k. Give l(-7).
-56
Let o(q) = -21*q**3 + q + 1. Give o(-1).
21
Let x(r) = -r**2 + 9*r + 2. Give x(10).
-8
Let l(k) = -3*k**3 - k**2 - 3*k - 12. Calculate l(0).
-12
Let d(v) = -8*v - 2. Give d(2).
-18
Let k(q) = q**3 + 6*q**2 + 2*q. Calculate k(-4).
24
Let z(v) = 5*v**2 + 28*v - 21. Give z(-6).
-9
Let y(k) = -k**3 - 11*k**2 + 2*k + 9. Give y(-11).
-13
Let b(q) = 2*q**3 - 41*q**2 - 117*q + 46. Give b(23).
0
Let l(n) = 2*n**2 + 11*n - 31. Give l(-8).
9
Let u(v) = 88*v**3 + 6*v + 6. Give u(-1).
-88
Let q(c) = 4*c**2 + 20*c - 6. Calculate q(-5).
-6
Let p(q) = 2*q - 18. What is p(7)?
-4
Let c(r) = -r**3 - 19*r**2 - r - 29. Give c(-19).
-10
Let x(a) = -41*a + 321. Calculate x(8).
-7
Let z(q) = -q + 12. What is z(5)?
7
Let t(d) = d**3 - 10*d**2 + 7*d + 3. Determine t(9).
-15
Let t(u) = 6*u**2 + 6*u + 10. Give t(-5).
130
Let q(i) = -i**2 + 11*i - 6. Determine q(12).
-18
Let x(m) = -6*m + 4. Calculate x(5).
-26
Let v(j) = -11*j + 1. Give v(-1).
12
Let y(l) = 43*l**3 + l**2 - l - 1. Calculate y(-1).
-42
Let a(t) = t**3 - 7*t**2 - 6*t - 4. Give a(8).
12
Let u(x) = x**2 - 13*x + 9. Calculate u(13).
9
Let m(c) = 21*c**2 + 5*c - 3. Determine m(1).
23
Let k(f) = f**2 + 10*f - 1. Give k(-8).
-17
Let j(u) = -86*u + 609. Determine j(7).
7
Let w(i) = -i + 11. What is w(13)?
-2
Let v(m) = m**3 - 2*m**2 - 69. Determine v(0).
-69
Let k(p) = -13*p + 185. What is k(14)?
3
Let n(k) = k**3 - 9*k**2 - 9*k - 4. What is n(10)?
6
Let n(r) = -r**2 - 6*r + 15. Determine n(-7).
8
Let d(t) = 38*t. Determine d(-1).
-38
Let k(i) = i**3 - 52*i - 13. Determine k(-7).
8
Let n(h) = 7*h - 19. What is n(19)?
114
Let o(h) = -h**3 + 3*h**2 - h - 2. Calculate o(3).
-5
Let i(f) = -f + 12. What is i(7)?
5
Let w(j) = 2*j**2 + 6*j - 10. Determine w(-8).
70
Let m(l) = l**3 + 2*l**2 + 4. Give m(-3).
-5
Let r(p) = -6*p + 7. Calculate r(-5).
37
Let g(r) = 13*r + 55. What is g(-5)?
-10
Let t(o) = -o**3 + o**2 + o - 42. What is t(0)?
-42
Let z(s) = -18*s - 198. Give z(-10).
-18
Let u(l) = l**2 + 11*l + 17. Give u(-7).
-11
Let z(a) = -2*a - 2. Give z(-8).
14
Let f(i) = -i + 5. Calculate f(3).
2
Let g(j) = 28*j + 4. Determine g(-1).
-24
Let g(l) = -l**2 - l - 4. What is g(-4)?
-16
Let t(w) = -3*w - 7. Give t(-8).
17
Let j(w) = 15*w - 6. What is j(1)?
9
Let j(i) = -i**2 + 10*i - 15. What is j(8)?
1
Let k(w) = -w**3 + 4*w**2 + 12*w - 1. Calculate k(6).
-1
Let d(h) = h**3 + 10*h**2 + 12*h + 11. Give d(-9).
-16
Let y(c) = 3*c + 9. Calculate y(14).
51
Let b(i) = i**3 - 5*i**2 - 6*i + 2. What is b(4)?
-38
Let d(f) = -f**2 - 10*f + 7. What is d(-8)?
23
Let b(h) = h**2 - 13. Determine b(-4).
3
Let u(w) = -w**2 - 8*w + 13. Calculate u(-9).
4
Let s(z) = -z**2 + 6*z - 26. Determine s(7).
-33
Let f(t) = -t**2 - 9*t - 6. Calculate f(-7).
8
Let w(j) = -2*j**2 + 74*j + 36. Determine w(37).
36
Let k(r) = r**2 + 1. Give k(0).
1
Let t(c) = -8*c - 114. Give t(-15).
6
Let v(x) = 19*x + 9. What is v(-3)?
-48
Let g(r) = 3*r**2 - 17*r. Give g(8).
56
Let b(d) = -31*d**3 + 2*d**2 - d - 2. Give b(-1).
32
Let d(z) = z**2 + 11*z - 5. Give d(-10).
-15
Let c(m) = -6*m + 3. What is c(3)?
-15
Let c(w) = w**3 - 3*w**2 + 4*w + 3. What is c(4)?
35
Let s(b) = 21*b**2 - 168*b - 1. What is s(8)?
-1
Let o(w) = -w**3 - w**2 - w - 9. Give o(0).
-9
Let r(u) = 2*u**2 + 69*u - 92. What is r(-36)?
16
Let y(b) = -b**2 - 9*b + 6. Calculate y(6).
-84
Let h(s) = -s**3 + 23*s**2 - 62*s + 22. Determine h(20).
-18
Let z(g) = 13*g + 34. Determine z(-7).
-57
Let v(a) = -11*a + 2. Determine v(10).
-108
Let d(o) = -o**3 - 10*o**2 + 3. Calculate d(-10).
3
Let u(q) = 5*q - 34. What is u(8)?
6
Let p(n) = -n**3 - 2*n**2 + 1. Calculate p(-1).
0
Let y(r) = 3*r**2 + 16*r + 2. Give y(-5).
-3
Let f(m) = m**3 + m**2 - 10*m - 21. Calculate f(-4).
-29
Let s(g) = -4*g + 6. Determine s(-1).
10
Let n(t) = 2*t**2 - 6*t - 1. Calculate n(1).
-5
Let o(n) = -6*n**2 + 18*n - 4. What is o(3)?
-4
Let z(i) = -i**3 + 4*i**2 - 4*i + 3. What is z(6)?
-93
Let f(i) = -2*i**2 + 11*i + 19. Calculate f(9).
-44
Let q(t) = 40*t - 437. Calculate q(11).
3
Let j(c) = c**3 + 11*c**2 - 16*c - 17. What is j(-12)?
31
Let j(x) = 2*x + 37. Determine j(-19).
-1
Let l(t) = -4*t**3 + 29*t**2 - 7*t + 3. Calculate l(7).
3
Let w(r) = r**2 - 6*r + 1. Determine w(4).
-7
Let l(h) = -2*h**2 - 6*h - 5. Give l(-3).
-5
Let q(k) = 96*k - 1434. Calculate q(15).
6
Let i(p) = -p**2 + 15*p - 11. Calculate i(13).
15
Let w(v) = 7*v**2 + 3*v + 2. Calculate w(-2).
24
Let c(d) = 26*d - 7. Calculate c(1).
19
Let x(f) = -4*f - 49. What is x(-15)?
11
Let g(j) = j + 1. Calculate g(1).
2
Let l(a) = a**2 - 26*a - 2. Determine l(23).
-71
Let y(o) = -3*o - 3. Determine y(-3).
6
Let a(h) = 2*h**2 + 7*h - 10. What is a(-4)?
-6
Let q(c) = 3*c**3 - c**2 + c + 1. Give q(0).
1
Let g(f) = 29*f + 43. What is g(-3)?
-44
Let d(h) = 7*h**3 - 3*h**2 + h. What is d(2)?
46
Let s(z) = -2*z**2 + 48*z - 5. Give s(24).
-5
Let f(k) = k**2 - 12*k + 2. Determine f(13).
15
Let d(w) = 4*w - 5. Calculate d(4).
11
Let m(x) = 3*x - 32. Give m(10).
-2
Let n(a) = a**2 + 12*a + 57. Give n(-9).
30
Let m(g) = -g**3 + 6*g**2 + 2*g - 10. Calculate m(6).
2
Let m(n) = n - 10. Calculate m(4).
-6
Let i(b) = b**3 + 9*b**2 - 7*b - 2. Calculate i(-10).
-32
Let y(b) = -58*b**2 + 291*b - 2. Give y(5).
3
Let y(l) = 2*l + 14. What is y(-7)?
0
Let k(r) = -7*r**2 - 8*r - 4. Give k(-5).
-139
Let w(s) = s**2 + 26*s + 16. What is w(-26)?
16
Let p(w) = 41*w**3 - 3*w**2 - w + 1. Give p(-1).
-42
Let b(y) = y**3 + 12*y**2 + 21*y + 45. What is b(-10)?
35
Let m(t) = -2*t**2 + 3*t + 15. What is m(-4)?
-29
Let a(i) = 63*i + 4. What is a(-3)?
-185
Let n(u) = u**3 + 13*u**2 + 10*u + 1. Determine n(-12).
25
Let y(i) = -2*i**2 - 13*i + 12. What is y(-11)?
-87
Let j(z) = 3*z - 7. What is j(5)?
8
Let b(x) = -x**3 + 6*x + 4. What is b(-2)?
0
Let j(p) = p - 8. What is j(-5)?
-13
Let m(d) = d**3 + 41*d**2 - 2*d - 87. Calculate m(-41).
-5
Let p(o) = 3*o - 